. Calculate the highest common factor of y and 13.
13
Suppose 30 = 7*l - 3*l + 2*s, 5*l - s = 55. Suppose -360 = -5*c + c. What is the greatest common divisor of c and l?
10
Let u = 10 + -14. Let f = 6 + u. Suppose -4*p + f*w = -6, p - w - 4 = -3*w. Calculate the highest common divisor of 2 and p.
2
Suppose 3*d = 4*r - 8, 5*d - r + 2 = 3*d. Suppose -304 = -3*p - 2*o + o, d = -4*p + 5*o + 380. Calculate the highest common divisor of p and 10.
10
Let l be (-54)/(32/20 + -2). What is the greatest common divisor of l and 15?
15
Let o be ((-1)/(-3))/(-3 - 380/(-126)). What is the highest common factor of 126 and o?
21
Let u be (-99)/(-6)*(1 - -1). Calculate the greatest common factor of 3 and u.
3
Let q = -3 - -5. Suppose 0 = -5*p - 3 - 2, -u - 4*p - 1 = 0. Calculate the highest common divisor of q and u.
1
Suppose -4*x = -x - 9. Calculate the greatest common divisor of x and 3.
3
Let w be 2/((-3)/(18/(-4))). Let l = 14 - -1. Calculate the highest common divisor of l and w.
3
Let y(l) = l - 3. Let g be y(4). Let p = g + 54. What is the highest common factor of p and 11?
11
Let d be (2/(-8))/(2/(-8)). Suppose d + 9 = 5*f. What is the greatest common factor of 8 and f?
2
Suppose -4*f = -75 - 21. Let x be (208/f)/(2/3). Let k(c) = c**2 + 104. Let r be k(0). What is the highest common divisor of x and r?
13
Let w(r) = 3*r**3 - r**2 - 4*r + 4. Let x be w(2). Calculate the highest common divisor of x and 4.
4
Suppose 0 = -4*z + 2*z - 2*w - 56, -3*z = -3*w + 78. Let a = -18 - z. What is the highest common divisor of 9 and a?
9
Suppose 2*l - 372 = -4*f, -5*l - 90 = -4*f + 254. Calculate the highest common factor of f and 26.
13
Suppose 43 - 3 = 5*t. Let d = 13 - t. Calculate the greatest common factor of d and 1.
1
Let i = -6 + 16. Let j be ((-24)/14)/(i/(-35)). What is the greatest common divisor of 66 and j?
6
Suppose 3*k + 5*w - 638 = 0, -k + 137 + 87 = -4*w. What is the greatest common divisor of k and 27?
27
Let x(r) = -r + 12. Let f be x(6). Let n be (15*(0 + 1))/(15 - 14). Calculate the greatest common factor of n and f.
3
Let n be (-6)/9*-7*(-90)/(-35). What is the highest common factor of n and 24?
12
Suppose -5*q = -h - 2*h - 36, -5*h = -q + 16. Calculate the greatest common divisor of q and 24.
6
Suppose 5*y - 576 = 124. Suppose 6*g = 4*g + y. Calculate the highest common divisor of 14 and g.
14
Let a be (-32)/16 - (-1 + -7). Suppose -a*i + 15 = -i. What is the highest common divisor of i and 9?
3
Let t = 38 - 27. Let k(h) = h - 1. Let r be k(t). What is the greatest common factor of 110 and r?
10
Suppose 0 = 3*m + 6. Let u be 206/10 - m/5. Suppose 0 = a + 3 - u. What is the greatest common factor of 90 and a?
18
Suppose -d - 3*d + 48 = 0. Let f = d - 8. Suppose f*n = 3*n + 187. Calculate the greatest common factor of 17 and n.
17
Let i(h) = h**3 + 5*h**2 - 10*h - 9. Let c be i(-6). What is the greatest common factor of c and 120?
15
Let w be (-2)/(-1)*(-2 - -4). Let q = w + 8. What is the highest common factor of 2 and q?
2
Let a = 686 + -353. Calculate the greatest common divisor of a and 37.
37
Let c = 129 - 118. Calculate the highest common factor of 77 and c.
11
Suppose -22 + 57 = 7*z. Calculate the greatest common factor of 45 and z.
5
Suppose -1 = n, -7*a + 2*a + 90 = 5*n. Suppose -4*h + a = -5*q, 5*h + 5*q + 11 = h. What is the highest common divisor of 4 and h?
1
Let m = 46 + 15. Suppose 4*c = m - 25. Calculate the greatest common divisor of 1 and c.
1
Let j = -12 + 8. Let t = j + 17. Let s be ((-3)/3)/(-1)*104. What is the greatest common factor of s and t?
13
Let c(b) = b + 6. Let t be c(2). What is the greatest common factor of t and 4?
4
Let x = -20 - -35. Let j(u) = 4*u - 5. Let k be j(5). What is the highest common factor of x and k?
15
Let u(o) = -2*o + 3*o + o**2 + 5 + 2*o. Let k(i) = i**2 - 5*i - 19. Let v be k(8). Let r be u(v). What is the highest common factor of r and 9?
9
Let t be 24 - 18/(-12)*(-2)/(-3). Calculate the highest common divisor of t and 225.
25
Suppose i = -2*i + 219. Suppose 0 = -w + 4*l + 24, i = 3*w - 5*l + 29. Calculate the greatest common divisor of 56 and w.
8
Suppose 249 = -5*s - 6. Let a be (s/(-9))/(1/18). What is the highest common factor of 34 and a?
34
Let o(l) = -4*l + 5. Let u be o(-7). Suppose -13 + u = 5*v. Let y be (20/6)/(2/12). Calculate the highest common divisor of v and y.
4
Let s = 19 - -65. Let a = s - -64. Let c = a + -103. Calculate the greatest common divisor of c and 30.
15
Suppose 0*n - 66 = -2*n. Suppose 2*a = 5*a - n. Calculate the highest common factor of a and 88.
11
Suppose -16*s - 15 = -21*s. Calculate the greatest common factor of s and 21.
3
Let m = -2 - -2. Let u be (-2)/((-2)/11 + m). Suppose 0*j - 5*j = 2*x - 550, 5*j - 5*x = 550. What is the greatest common factor of j and u?
11
Suppose -3*q + 133 = 5*z + q, -2*q + 4 = 0. Calculate the highest common factor of 5 and z.
5
Let i(f) = -6*f - 3. Let b be i(-4). Let y = b + -1. Calculate the greatest common factor of y and 10.
10
Suppose -49 = 5*x - 3*t, -x = -3*x - t - 13. Let m be (-18 + 14)*2/x. Calculate the highest common divisor of 1 and m.
1
Let n be ((-1 - 0) + 432)*-1. Let g = -240 - n. Suppose 0 = 4*l - 149 - g. Calculate the greatest common divisor of 34 and l.
17
Let s(n) be the second derivative of n**5/20 - n**4/2 + 4*n**2 + n. Let q be s(6). Calculate the greatest common divisor of q and 16.
8
Let m be 79/4 + 5/20. Suppose 0 = -y + 6*y - m. Calculate the greatest common divisor of 12 and y.
4
Let d(k) = k**3 - 5*k**2 - 13*k + 9. Let r be d(7). What is the highest common divisor of 80 and r?
16
Let z(c) = 3*c**2 - 4*c - 6. Let k be z(5). Suppose -2 = -y + 1. Let j = 10 - y. Calculate the greatest common factor of j and k.
7
Suppose 2*j - u - u - 50 = 0, 23 = j - 3*u. Calculate the highest common divisor of 234 and j.
26
Suppose 5*p = 34 + 16. Suppose -31 = -q + w, 3*q - 5*q + 64 = -4*w. What is the highest common divisor of q and p?
10
Let n = -3 + -2. Let j be (93/n)/((-1)/5). Calculate the highest common divisor of j and 31.
31
Suppose 3*t + i - 6 = 28, -i - 62 = -5*t. What is the highest common factor of t and 36?
12
Let s be -4 + -37*(-4 + 3). What is the highest common divisor of 33 and s?
33
Suppose 0*l = l - 15. Let j = 2 - -1. Suppose -3*d = -u - 2*u + 165, -4*u - j*d = -255. Calculate the greatest common divisor of u and l.
15
Let c be ((-3)/(-2))/((-1)/(-8)). Suppose 15 = -o + 4*o, -14 = -2*j + 2*o. What is the greatest common factor of c and j?
12
Suppose n = 2*n - 12. Calculate the greatest common factor of n and 18.
6
Let d(x) = -x**2 - x. Let o(z) = -z**2 - 7*z - 3. Let c(w) = -4*d(w) + o(w). Let j be c(3). Calculate the greatest common factor of 60 and j.
15
Suppose 3*u + 2*k = 56, 6*u - 5*k - 70 = 3*u. Let m = u - 11. Let x = 52 + -16. Calculate the highest common factor of x and m.
9
Let d be (0 + 1)*171/9. Let u = 58 - d. Let m(s) = 9*s - 1. Let l be m(3). What is the highest common divisor of l and u?
13
Let f(m) = -3*m + 22. Let g be f(0). What is the highest common divisor of 198 and g?
22
Let k(p) = p**3 - 6*p**2 - 3*p + 9. Let a be k(6). Let x be 40*a/(-24)*2. Let i = x + -14. What is the highest common divisor of 4 and i?
4
Let c(f) = -f**3 + 4*f**2 + 2*f. Suppose -7*n + 6*n = -4. Let m be c(n). What is the highest common factor of m and 8?
8
Let o be (-270)/(-14) - 18/63. What is the greatest common factor of 133 and o?
19
Let l(r) = r**3 - 3*r**2 - r + 2. Let n be l(4). Calculate the highest common divisor of n and 70.
14
Let n = 1 + 6. Suppose 3*c = 11 + n. Let h be 27/c + 1/2. Calculate the highest common factor of h and 25.
5
Let p be ((-3)/4)/((-2)/8). Suppose -39 = p*x - 174. What is the highest common divisor of x and 15?
15
Let z = -2 - 4. Let c be (4 + z)/(1 + -2). Suppose -c*n + 25 = 9. What is the greatest common factor of 72 and n?
8
Let k(r) = -r**3 + 4*r**2 + 13*r - 1. Let s be k(6). What is the greatest common factor of s and 55?
5
Suppose 4*j - 22 = -3*f, 5*j - f - 14 = 2*f. Let r = j - 3. Let q be 4*((-30)/(-8))/r. What is the highest common divisor of q and 30?
15
Let a(r) = -4*r + 22. Let w be a(-22). What is the greatest common divisor of 11 and w?
11
Suppose 5*f - o - 54 = 0, -5*f + 0*o + 51 = -4*o. What is the greatest common divisor of 1 and f?
1
Let q be ((